0?
3
What is the tens digit of 132?
3
What is the ten thousands digit of 33635?
3
What is the hundreds digit of 3719?
7
What is the tens digit of 619?
1
What is the tens digit of 81510?
1
What is the ten thousands digit of 25921?
2
What is the units digit of 3223?
3
What is the ten thousands digit of 55165?
5
What is the units digit of 103796?
6
What is the tens digit of 7589?
8
What is the tens digit of 188597?
9
What is the ten thousands digit of 151427?
5
What is the units digit of 2887?
7
What is the thousands digit of 107635?
7
What is the units digit of 19818?
8
What is the tens digit of 4921?
2
What is the units digit of 624?
4
What is the units digit of 151?
1
What is the hundreds digit of 1618?
6
What is the ten thousands digit of 17243?
1
What is the tens digit of 19460?
6
What is the hundreds digit of 22207?
2
What is the units digit of 2338?
8
What is the hundreds digit of 3243?
2
What is the hundreds digit of 13819?
8
What is the units digit of 20970?
0
What is the units digit of 16584?
4
What is the thousands digit of 5448?
5
What is the hundreds digit of 21218?
2
What is the hundreds digit of 952?
9
What is the thousands digit of 3128?
3
What is the hundreds digit of 111751?
7
What is the units digit of 817?
7
What is the thousands digit of 23135?
3
What is the units digit of 3328?
8
What is the hundreds digit of 32799?
7
What is the units digit of 556?
6
What is the units digit of 5911?
1
What is the ten thousands digit of 52817?
5
What is the ten thousands digit of 68069?
6
What is the tens digit of 1854?
5
What is the units digit of 8293?
3
What is the ten thousands digit of 14689?
1
What is the hundreds digit of 1450?
4
What is the ten thousands digit of 60832?
6
What is the thousands digit of 1250?
1
What is the hundreds digit of 660?
6
What is the tens digit of 3022?
2
What is the tens digit of 1456?
5
What is the thousands digit of 18668?
8
What is the hundreds digit of 491?
4
What is the units digit of 2392?
2
What is the hundreds digit of 738?
7
What is the units digit of 50807?
7
What is the tens digit of 626?
2
What is the units digit of 30709?
9
What is the tens digit of 71866?
6
What is the hundreds digit of 525?
5
What is the ten thousands digit of 77095?
7
What is the units digit of 9094?
4
What is the thousands digit of 1560?
1
What is the tens digit of 2557?
5
What is the units digit of 70?
0
What is the thousands digit of 69501?
9
What is the tens digit of 690?
9
What is the units digit of 3098?
8
What is the tens digit of 50587?
8
What is the units digit of 1025?
5
What is the hundreds digit of 16998?
9
What is the hundreds digit of 124777?
7
What is the tens digit of 2704?
0
What is the units digit of 2281?
1
What is the hundreds digit of 41596?
5
What is the tens digit of 12815?
1
What is the hundreds digit of 8498?
4
What is the units digit of 378?
8
What is the units digit of 57745?
5
What is the units digit of 5496?
6
What is the thousands digit of 20934?
0
What is the ten thousands digit of 34356?
3
What is the units digit of 664?
4
What is the hundreds digit of 520?
5
What is the tens digit of 2425?
2
What is the ten thousands digit of 10597?
1
What is the hundreds digit of 39723?
7
What is the units digit of 2122?
2
What is the units digit of 172772?
2
What is the hundreds digit of 21393?
3
What is the tens digit of 8043?
4
What is the hundreds digit of 28197?
1
What is the thousands digit of 6374?
6
What is the units digit of 2360?
0
What is the hundreds digit of 21909?
9
What is the thousands digit of 5213?
5
What is the hundreds digit of 7735?
7
What is the tens digit of 589?
8
What is the thousands digit of 1009?
1
What is the tens digit of 24169?
6
What is the thousands digit of 125096?
5
What is the units digit of 43318?
8
What is the units digit of 2714?
4
What is the hundreds digit of 4077?
0
What is the tens digit of 40?
4
What is the ten thousands digit of 36132?
3
What is the hundreds digit of 12067?
0
What is the tens digit of 874?
7
What is the units digit of 2794?
4
What is the hundreds digit of 17205?
2
What is the thousands digit of 65659?
5
What is the tens digit of 893?
9
What is the hundreds digit of 401?
4
What is the tens digit of 9870?
7
What is the tens digit of 130381?
8
What is the hundreds digit of 11081?
0
What is the tens digit of 40?
4
What is the units digit of 50182?
2
What is the units digit of 8?
8
What is the thousands digit of 4700?
4
What is the hundreds digit of 1626?
6
What is the tens digit of 924?
2
What is the hundreds digit of 545?
5
What is the thousands digit of 4692?
4
What is the thousands digit of 5433?
5
What is the hundreds digit of 21570?
5
What is the units digit of 853?
3
What is the tens digit of 5853?
5
What is the units digit of 645?
5
What is the ten thousands digit of 17984?
1
What is the hundreds digit of 215?
2
What is the units digit of 6885?
5
What is the thousands digit of 2351?
2
What is the thousands digit of 7681?
7
What is the tens digit of 2020?
2
What is the hundreds digit of 7152?
1
What is the thousands digit of 2238?
2
What is the thousands digit of 1146?
1
What is the hundreds digit of 3722?
7
What is the units digit of 43130?
0
What is the units digit of 31259?
9
What is the hundreds digit of 81023?
0
What is the units digit of 4967?
7
What is the hundreds digit of 919?
9
What is the thousands digit of 1317?
1
What is the units digit of 135490?
0
What is the units digit of 1404?
4
What is the hundreds digit of 1559?
5
What is the hundreds digit of 775?
7
What is the hundreds digit of 751?
7
What is the thousands digit of 1085?
1
What is the hundreds digit of 101?
1
What is the units digit of 97408?
8
What is the tens digit of 690?
9
What is the hundreds digit of 25857?
8
What is the hundreds digit of 19502?
5
What is the units digit of 3003?
3
What is the thousands digit of 23696?
3
What is the ten thousands digit of 79382?
7
What is the thousands digit of 5199?
5
What is the hundreds digit of 855?
8
What is the units digit of 12417?
7
What is the hundreds digit of 25246?
2
What is the hundreds digit of 12524?
5
What is the units digit of 7593?
3
What is the tens digit of 1219?
1
What is the tens digit of 2702?
0
What is the thousands digit of 13952?
3
What is the hundreds digit of 12209?
2
What is the thousands digit of 15392?
5
What is the thousands digit of 22305?
2
What is the tens digit of 147?
4
What is the hundreds digit of 770?
7
What is the tens digit of 7850?
5
What is the units digit of 132127?
7
What is the hundreds digit of 10631?
6
What is the units digit of 2658?
8
What is the thousands digit of 134323?
4
What is the units digit of 3602?
2
What is the hundreds digit of 23946?
9
What is the ten thousands digit of 125066?
2
What is the units digit of 94?
4
What is the units digit of 2278?
8
What is the hundreds digit of 6302?
3
What is the thousands digit of 1284?
1
What is the thousands digit of 2436?
2
What is the tens digit of 3520?
2
What is the tens digit of 9518?
1
What is the tens digit of 27600?
0
What is the hundreds digit of 1184?
1
What is the hundreds digit of 21170?
1
What is the units digit of 819?
9
What is the units digit of 2388?
8
What is the tens digit of 35723?
2
What is the thousands digit of 16823?
6
What is the ten thousands digit of 81210?
8
What is the hundreds digit of 49599?
5
What is the units digit of 18950?
0
What is the tens digit of 9175?
7
What is the tens digit of 53630?
3
What is the thousands digit of 45822?
5
What is the thousands digit of 75228?
5
What is the hundreds digit of 4633?
6
What is the units digit of 50439?
9
What is the thousands digit of 12048?
2
What is the ten thousands digit of 85549?
8
What is the units digit of 39334?
4
What is the thousands digit of 64577?
4
What is the tens digit of 112951?
5
What is the units digit of 218?
8
What is the hundred thousands digit of 154189?
1
What is the thousands digit of 3473?
3
What is the thousands digit of 9413?
9
What is the units digit of 2144?
4
What is the ten thousands digit of 29884?
2
What is the thousands digit of 33798?
3
What is the units digit of 7019?
9
What is the hundreds digit of 14706?
7
What is the tens digit of 244?
4
What is the tens digit of 15497?
9
What is the hundreds digit of 13591?
5
What is the